 5431901 composite?
True
Is 258251597 a composite number?
False
Is 4997063 prime?
True
Is 2523119 a prime number?
False
Is 72563 prime?
False
Is 313767187 a prime number?
True
Is 2928317 composite?
True
Is 7379663 composite?
True
Is 241087199 composite?
False
Is 25045558 a prime number?
False
Is 6368977 prime?
True
Is 799291 a composite number?
False
Is 12002365 a composite number?
True
Is 1696597 a composite number?
True
Is 16116587 prime?
False
Is 62889395 a prime number?
False
Is 2311697 a composite number?
False
Is 33017 a prime number?
False
Is 231901963 a composite number?
False
Is 53810807 prime?
True
Is 18036449 a composite number?
False
Is 2948821 prime?
False
Is 2490749 a prime number?
False
Is 44913959 a composite number?
False
Is 5365259 a prime number?
False
Is 105741646 prime?
False
Is 130113383 composite?
False
Is 31100467 composite?
True
Is 5222237 a prime number?
True
Is 10040767 composite?
True
Is 18920233 composite?
False
Is 3193759 a prime number?
True
Is 32776981 a composite number?
False
Is 7449581 a composite number?
False
Is 123482581 prime?
True
Is 420551 prime?
True
Is 53555487 composite?
True
Is 813863 composite?
False
Is 34320299 a prime number?
False
Is 7625523 composite?
True
Is 12351199 composite?
True
Is 63446821 a prime number?
False
Is 169953319 prime?
False
Is 145943255 composite?
True
Is 35188081 a composite number?
False
Is 4468927 prime?
True
Is 3667319 composite?
True
Is 8066251 a composite number?
False
Is 1878717 prime?
False
Is 33341171 prime?
True
Is 1301891 a prime number?
False
Is 111512281 composite?
False
Is 36277691 composite?
False
Is 26901733 prime?
True
Is 55293361 a prime number?
True
Is 1220179 a prime number?
False
Is 11058727 a composite number?
False
Is 524701 a prime number?
True
Is 322459 composite?
False
Is 2306639 prime?
True
Is 202355561 a composite number?
False
Is 12635713 a prime number?
True
Is 11887723 a composite number?
True
Is 21286403 prime?
False
Is 24373123 prime?
False
Is 593863 composite?
False
Is 1459451 a composite number?
True
Is 89653831 a prime number?
True
Is 2463569 prime?
True
Is 103743773 a prime number?
False
Is 2606405 composite?
True
Is 6183587 a composite number?
True
Is 75868763 prime?
False
Is 34601027 a composite number?
False
Is 7287193 a prime number?
True
Is 12361837 a prime number?
False
Is 4644281 composite?
True
Is 31943903 a composite number?
False
Is 20019403 prime?
True
Is 65821849 prime?
True
Is 991373 composite?
True
Is 175961 prime?
True
Is 11480187 a composite number?
True
Is 36831199 a prime number?
True
Is 319263499 a prime number?
False
Is 2011033 prime?
True
Is 4015729 a prime number?
True
Is 20666743 prime?
True
Is 14467693 composite?
False
Is 6171941 a composite number?
True
Is 39919903 prime?
True
Is 169329361 prime?
False
Is 872299 prime?
False
Is 279311 composite?
False
Is 30885769 composite?
False
Is 12861547 composite?
True
Is 1754591 prime?
True
Is 669353 a prime number?
False
Is 16447 a prime number?
True
Is 764501 composite?
False
Is 3372827 composite?
True
Is 4009865 prime?
False
Is 61914079 a composite number?
False
Is 8196073 composite?
True
Is 2413391 prime?
False
Is 23187413 prime?
False
Is 536839 prime?
True
Is 2669837 a composite number?
False
Is 6605321 composite?
False
Is 17998291 a composite number?
True
Is 80172413 a composite number?
True
Is 806657 prime?
True
Is 4267409 a composite number?
False
Is 7848559 composite?
False
Is 146618781 a prime number?
False
Is 3465881 a composite number?
False
Is 30191237 prime?
True
Is 65079701 a prime number?
False
Is 16961611 prime?
True
Is 3133127 prime?
False
Is 154114267 prime?
True
Is 875143 a composite number?
True
Is 8803861 a composite number?
True
Is 33088829 a composite number?
True
Is 16453757 composite?
True
Is 243756959 composite?
True
Is 68741173 a composite number?
True
Is 2360957 prime?
True
Is 16922677 a composite number?
False
Is 4635367 prime?
False
Is 187923221 a composite number?
False
Is 267985255 a prime number?
False
Is 35487983 prime?
False
Is 996072029 a prime number?
True
Is 18280771 composite?
False
Is 5005307 a composite number?
False
Is 133877203 a prime number?
False
Is 206056723 composite?
True
Is 1160251 a composite number?
False
Is 22906127 a prime number?
True
Is 93654013 a prime number?
True
Is 230217437 composite?
False
Is 18883537 a prime number?
True
Is 595430971 composite?
False
Is 7802567 a prime number?
False
Is 346970747 prime?
True
Is 14068903 a prime number?
False
Is 78258641 prime?
True
Is 5520891 a composite number?
True
Is 88580603 a composite number?
True
Is 6056159 prime?
True
Is 4263047 a prime number?
True
Is 54799 composite?
False
Is 70762 a prime number?
False
Is 537311405 prime?
False
Is 168847477 prime?
True
Is 8065429 a prime number?
False
Is 39980011 prime?
False
Is 1269227 composite?
True
Is 51906787 a composite number?
False
Is 202630453 a prime number?
False
Is 27435409 prime?
False
Is 178791637 a composite number?
False
Is 248305017 prime?
False
Is 564551 composite?
True
Is 4753171 prime?
False
Is 175403609 prime?
False
Is 919573661 prime?
True
Is 3308027 composite?
False
Is 2194249 composite?
True
Is 2498182001 composite?
True
Is 33454529 prime?
True
Is 1673899 composite?
True
Is 30621253 a composite number?
True
Is 4577411 a prime number?
True
Is 50847815 composite?
True
Is 9666413 a prime number?
False
Is 1790846 prime?
False
Is 1603139 composite?
False
Is 195450063 prime?
False
Is 5637361 prime?
False
Is 7550501 composite?
True
Is 128458921 a prime number?
True
Is 176056807 composite?
False
Is 23258491 a composite number?
False
Is 288722191 a composite number?
False
Is 14903731 prime?
True
Is 16204849 a prime number?
False
Is 1253249 prime?
True
Is 6768677 composite?
True
Is 255787 a composite number?
True
Is 9356981 composite?
False
Is 1161962897 prime?
False
Is 3045101 a composite number?
False
Is 19441943 a composite number?
True
Is 40389593 a prime number?
False
Is 27778993 composite?
True
Is 10210589 a prime number?
True
Is 6525863 a prime number?
False
Is 2108269 a composite number?
True
Is 69163789 prime?
False
Is 80641 a composite number?
True
Is 37160083 prime?
True
Is 1597801 a prime number?
True
Is 1686439 prime?
True
Is 207167 a composite number?
True
Is 265717303 a composite number?
False
Is 146330434 a composite number?
True
Is 6844349 a prime number?
True
Is 14666831 a composite number?
True
Is 70007867 a prime number?
False
Is 2614621 prime?
True
Is 5611283 a prime number?
False
Is 66040823 composite?
True
Is 40652743 a composite number?
False
Is 74810569 prime?
False
Is 686519009 a prime number?
False
Is 249938797 a composite number?
True
Is 23644423 a prime number?
False
Is 43017451 prime?
True
Is 209200427 composite?
False
Is 2943379 composite?
True
Is 986183 a prime number?
False
Is 186477559 prime?
True
Is 54548951 prime?
True
Is 264288109 a composite number?
False
Is 2176183 composite?
False
Is 15539891 a composite number?
True
Is 18747221 a prime number?
True
Is 1194989 composite?
True
Is 747058771 a prime number?
True
Is 30281899 composite?
False
Is 30132989 a prime number?
False
Is 3127181 composite?
False
Is 8243621 prime?
False
Is 390274861 a composite number?
True
Is 277594381 composite?
True
Is 19449659 prime?
True
Is 322939 composite?
False
Is 194891831 prime?
True
Is 251210423 composite?
False
Is 47028031 prime?
False
Is 3222083 a prime number?
True
Is 17305757 prime?
False
Is 92097667 a composite number?
True
Is 7082323 a composite number?
False
Is 1732141207 a composite number?
False
Is 35706677 prime?
False
Is 12304135 a prime number?
False
Is 39571933 composite?
False
Is 195564079 a composite number?
True
Is 179513431 composite?
False
Is 8662529 a prime number?
False
Is 10783979 composite?
True
Is 449011 prime?
True
Is 4443767 prime?
True
Is 3709835 composite?
True
Is 40464389 prime?
False
Is 2629841 a prime number?
True
Is 4077473 prime?
True
Is 57831643 a prime number?
False
Is 655687 composite?
False
Is 22978623 a prime number?
False
Is 117091823 a composite number?
False
Is 16805827 a composite number?
False
Is 79997447 a composite number?
False
Is 88114333 prime?
True
Is 18923831 a composite number?
False
Is 612187 a prime number?
False
Is 117419 composite?
True
Is 259611